{"id":60,"date":"2018-08-16T11:45:26","date_gmt":"2018-08-16T09:45:26","guid":{"rendered":"http:\/\/asv-mastholte.de\/?page_id=60"},"modified":"2025-12-30T08:43:22","modified_gmt":"2025-12-30T07:43:22","slug":"tageskarten","status":"publish","type":"page","link":"http:\/\/asv-mastholte.de\/?page_id=60","title":{"rendered":"Tageskarten"},"content":{"rendered":"<table width=\"806\">\n<tbody>\n<tr>\n<td width=\"795\"><a href=\"https:\/\/www.hejfish.com\/search?term=asvmastholte\" target=\"_blank\" rel=\"noopener\"><img loading=\"lazy\" decoding=\"async\" class=\"size-full wp-image-796 alignleft\" src=\"http:\/\/asv-mastholte.de\/wp-content\/uploads\/2021\/03\/01_hejfish_kauficon_online_20.png\" alt=\"\" width=\"358\" height=\"269\" srcset=\"http:\/\/asv-mastholte.de\/wp-content\/uploads\/2021\/03\/01_hejfish_kauficon_online_20.png 358w, http:\/\/asv-mastholte.de\/wp-content\/uploads\/2021\/03\/01_hejfish_kauficon_online_20-300x225.png 300w, http:\/\/asv-mastholte.de\/wp-content\/uploads\/2021\/03\/01_hejfish_kauficon_online_20-120x90.png 120w\" sizes=\"auto, (max-width: 358px) 100vw, 358px\" \/><\/a><strong>Der Erwerb von Tageskarten berechtigt zum Angeln an folgenden Gew\u00e4ssern:<\/strong>Mastholter See (24 ha)<\/p>\n<p>Schwarzer Graben (Graft), von der Br\u00fccke Rietberger Strasse flussabw\u00e4rts bis Busch Dirkwinkel (siehe Hinweisschild)<\/p>\n<p><strong>Vereinbarungen f\u00fcr die Tageskarten:<\/strong><\/p>\n<p>Tageskarten kann jeder erwerben, der im Besitz eines g\u00fcltigen Fischereischeines ist. Geangelt werden darf mit max. 2 Handangeln vom Sonnenaufgang bis zum Sonnenuntergang. Nachtangeln ist in Begleitung und Anwesenheit von Vereinsmitgliedern m\u00f6glich. Die Gew\u00e4sserordnung des Landesfischereiverbandes NRW ist ma\u00dfgebend.<br \/>\nGesetzliche Schonzeiten und Mindestma\u00dfe sind zu beachten. Pro Tag d\u00fcrfen max. 2 Fische je Art, pro Woche max. 6 Fische je Art entnommen werden.<\/td>\n<\/tr>\n<\/tbody>\n<\/table>\n<table width=\"598\">\n<tbody>\n<tr>\n<td width=\"200\"><\/td>\n<td width=\"398\"><\/td>\n<\/tr>\n<tr>\n<td><\/td>\n<td width=\"398\"><strong>Tageskartenpreise:<\/strong><\/td>\n<\/tr>\n<\/tbody>\n<\/table>\n<table>\n<tbody>\n<tr>\n<td width=\"201\"><\/td>\n<td><\/td>\n<\/tr>\n<tr>\n<td><\/td>\n<td width=\"396\">\n<table width=\"397\">\n<tbody>\n<tr>\n<td width=\"220\"><strong>1 Tag<\/strong><\/td>\n<td width=\"163\"><strong>12,00 \u20ac<\/strong><\/td>\n<\/tr>\n<tr>\n<td><strong>2 Tage<\/strong><\/td>\n<td><strong>24,00 \u20ac<\/strong><\/td>\n<\/tr>\n<tr>\n<td><strong>3 Tage<\/strong><\/td>\n<td><strong>35,00 \u20ac<\/strong><\/td>\n<\/tr>\n<tr>\n<td><strong>5 Tage<\/strong><\/td>\n<td><strong>45,00 \u20ac<\/strong><\/td>\n<\/tr>\n<\/tbody>\n<\/table>\n<\/td>\n<\/tr>\n<\/tbody>\n<\/table>\n<table width=\"596\">\n<tbody>\n<tr>\n<td width=\"206\"><\/td>\n<td width=\"390\"><\/td>\n<\/tr>\n<tr>\n<td><\/td>\n<td width=\"390\"><\/td>\n<\/tr>\n<\/tbody>\n<\/table>\n<table style=\"height: 348px;\" width=\"691\">\n<tbody>\n<tr>\n<td width=\"151\"><\/td>\n<td width=\"151\"><\/td>\n<td width=\"151\"><\/td>\n<\/tr>\n<tr>\n<td width=\"151\"><\/td>\n<td width=\"151\"><\/td>\n<td width=\"151\"><\/td>\n<\/tr>\n<\/tbody>\n<\/table>\n","protected":false},"excerpt":{"rendered":"<p>Der Erwerb von Tageskarten berechtigt zum Angeln an folgenden Gew\u00e4ssern:Mastholter See (24 ha) Schwarzer Graben (Graft), von der Br\u00fccke Rietberger Strasse flussabw\u00e4rts bis Busch Dirkwinkel (siehe Hinweisschild) Vereinbarungen f\u00fcr die Tageskarten: Tageskarten kann jeder erwerben, der im Besitz eines g\u00fcltigen Fischereischeines ist. Geangelt werden darf mit max. 2 Handangeln vom Sonnenaufgang bis zum Sonnenuntergang. Nachtangeln&hellip;<\/p>\n","protected":false},"author":2,"featured_media":0,"parent":0,"menu_order":0,"comment_status":"closed","ping_status":"closed","template":"","meta":{"footnotes":""},"class_list":["post-60","page","type-page","status-publish","hentry"],"_links":{"self":[{"href":"http:\/\/asv-mastholte.de\/index.php?rest_route=\/wp\/v2\/pages\/60","targetHints":{"allow":["GET"]}}],"collection":[{"href":"http:\/\/asv-mastholte.de\/index.php?rest_route=\/wp\/v2\/pages"}],"about":[{"href":"http:\/\/asv-mastholte.de\/index.php?rest_route=\/wp\/v2\/types\/page"}],"author":[{"embeddable":true,"href":"http:\/\/asv-mastholte.de\/index.php?rest_route=\/wp\/v2\/users\/2"}],"replies":[{"embeddable":true,"href":"http:\/\/asv-mastholte.de\/index.php?rest_route=%2Fwp%2Fv2%2Fcomments&post=60"}],"version-history":[{"count":10,"href":"http:\/\/asv-mastholte.de\/index.php?rest_route=\/wp\/v2\/pages\/60\/revisions"}],"predecessor-version":[{"id":1057,"href":"http:\/\/asv-mastholte.de\/index.php?rest_route=\/wp\/v2\/pages\/60\/revisions\/1057"}],"wp:attachment":[{"href":"http:\/\/asv-mastholte.de\/index.php?rest_route=%2Fwp%2Fv2%2Fmedia&parent=60"}],"curies":[{"name":"wp","href":"https:\/\/api.w.org\/{rel}","templated":true}]}}